{"id":1476,"date":"2022-07-02T08:37:39","date_gmt":"2022-07-02T05:37:39","guid":{"rendered":"https:\/\/www.pohjoiskyl\u00e4t.fi\/?page_id=1476"},"modified":"2023-06-07T06:52:43","modified_gmt":"2023-06-07T03:52:43","slug":"liiku-luonnossa","status":"publish","type":"page","link":"https:\/\/www.xn--pohjoiskylt-u8a.fi\/?page_id=1476","title":{"rendered":"Liiku luonnossa"},"content":{"rendered":"\n<p>H\u00e4ll\u00e4m\u00f6n, Linnalan ja Valkeiskankaan ulkoilureitist\u00f6n avajaiset vietettiin Nissil\u00e4n seurantalolla 2.7.2022.<\/p>\n\n\n\n<ul class=\"wp-block-list\">\n<li>Makkolankoskelle pystytettiin laavu kes\u00e4ll\u00e4 2022.<\/li>\n\n\n\n<li>Linnalan reitill\u00e4 on alkup\u00e4\u00e4ss\u00e4 kev\u00e4\u00e4ll\u00e4 -22 levitetty karkeaa sepeli\u00e4 joka voi hankaloittaa py\u00f6r\u00e4ily\u00e4.<\/li>\n\n\n\n<li>Reiteill\u00e4 voi jatkaa Pyh\u00e4nn\u00e4n puolelle siell\u00e4 kulkevia hiekkateit\u00e4 pitkin. Silmi\u00e4 hivelev\u00e4t maisemat jatkuvat siell\u00e4kin.<\/li>\n<\/ul>\n\n\n\n<figure class=\"wp-block-image size-large\"><a href=\"https:\/\/www.pohjoiskyl\u00e4t.fi\/wp-content\/uploads\/2022\/07\/Reittiprojekti.png\"><img loading=\"lazy\" decoding=\"async\" width=\"1024\" height=\"926\" src=\"https:\/\/www.pohjoiskyl\u00e4t.fi\/wp-content\/uploads\/2022\/07\/Reittiprojekti-1024x926.png\" alt=\"\" class=\"wp-image-1480\" srcset=\"https:\/\/www.xn--pohjoiskylt-u8a.fi\/wp-content\/uploads\/2022\/07\/Reittiprojekti-1024x926.png 1024w, https:\/\/www.xn--pohjoiskylt-u8a.fi\/wp-content\/uploads\/2022\/07\/Reittiprojekti-300x271.png 300w, https:\/\/www.xn--pohjoiskylt-u8a.fi\/wp-content\/uploads\/2022\/07\/Reittiprojekti-768x695.png 768w, https:\/\/www.xn--pohjoiskylt-u8a.fi\/wp-content\/uploads\/2022\/07\/Reittiprojekti-1536x1389.png 1536w, https:\/\/www.xn--pohjoiskylt-u8a.fi\/wp-content\/uploads\/2022\/07\/Reittiprojekti-2048x1852.png 2048w\" sizes=\"auto, (max-width: 1024px) 100vw, 1024px\" \/><\/a><\/figure>\n\n\n\n<p>T\u00e4st\u00e4 linkist\u00e4 saat puhelimeen GPS- kartat reitist\u00e4: <\/p>\n\n\n\n<p><a rel=\"noreferrer noopener\" href=\"https:\/\/kartta.paikkatietoikkuna.fi\/?lang=fi&amp;uuid=dd6edaa5-8501-426b-ba34-0e2387f8c00f&amp;allow=geolocation\" target=\"_blank\">https:\/\/kartta.paikkatietoikkuna.fi\/?lang=fi&amp;uuid=dd6edaa5-8501-426b-ba34-0e2387f8c00f&amp;allow=geolocation<\/a><\/p>\n\n\n\n<ul class=\"wp-block-list\">\n<li>N\u00e4m\u00e4 Gps- j\u00e4lkiin perustuvat reitit ovat hiukan ep\u00e4tarkkoja, eri aikoina kuljetut j\u00e4ljet eiv\u00e4t aina osu tarkasti p\u00e4\u00e4llek\u00e4in. Vaihtelua on kuitenkin yleens\u00e4 vain muutamia metrej\u00e4.<\/li>\n\n\n\n<li>Pyrimme saamaan reitit n\u00e4kyville my\u00f6s retkikartta.fi palveluun.<\/li>\n<\/ul>\n\n\n\n<p><\/p>\n","protected":false},"excerpt":{"rendered":"<p>H\u00e4ll\u00e4m\u00f6n, Linnalan ja Valkeiskankaan ulkoilureitist\u00f6n avajaiset vietettiin Nissil\u00e4n seurantalolla 2.7.2022. T\u00e4st\u00e4 linkist\u00e4 saat puhelimeen GPS- kartat reitist\u00e4: https:\/\/kartta.paikkatietoikkuna.fi\/?lang=fi&amp;uuid=dd6edaa5-8501-426b-ba34-0e2387f8c00f&amp;allow=geolocation<\/p>\n","protected":false},"author":1,"featured_media":0,"parent":0,"menu_order":0,"comment_status":"closed","ping_status":"closed","template":"","meta":{"_bbp_topic_count":0,"_bbp_reply_count":0,"_bbp_total_topic_count":0,"_bbp_total_reply_count":0,"_bbp_voice_count":0,"_bbp_anonymous_reply_count":0,"_bbp_topic_count_hidden":0,"_bbp_reply_count_hidden":0,"_bbp_forum_subforum_count":0,"ngg_post_thumbnail":0,"footnotes":""},"class_list":["post-1476","page","type-page","status-publish"],"_links":{"self":[{"href":"https:\/\/www.xn--pohjoiskylt-u8a.fi\/index.php?rest_route=\/wp\/v2\/pages\/1476","targetHints":{"allow":["GET"]}}],"collection":[{"href":"https:\/\/www.xn--pohjoiskylt-u8a.fi\/index.php?rest_route=\/wp\/v2\/pages"}],"about":[{"href":"https:\/\/www.xn--pohjoiskylt-u8a.fi\/index.php?rest_route=\/wp\/v2\/types\/page"}],"author":[{"embeddable":true,"href":"https:\/\/www.xn--pohjoiskylt-u8a.fi\/index.php?rest_route=\/wp\/v2\/users\/1"}],"replies":[{"embeddable":true,"href":"https:\/\/www.xn--pohjoiskylt-u8a.fi\/index.php?rest_route=%2Fwp%2Fv2%2Fcomments&post=1476"}],"version-history":[{"count":3,"href":"https:\/\/www.xn--pohjoiskylt-u8a.fi\/index.php?rest_route=\/wp\/v2\/pages\/1476\/revisions"}],"predecessor-version":[{"id":1580,"href":"https:\/\/www.xn--pohjoiskylt-u8a.fi\/index.php?rest_route=\/wp\/v2\/pages\/1476\/revisions\/1580"}],"wp:attachment":[{"href":"https:\/\/www.xn--pohjoiskylt-u8a.fi\/index.php?rest_route=%2Fwp%2Fv2%2Fmedia&parent=1476"}],"curies":[{"name":"wp","href":"https:\/\/api.w.org\/{rel}","templated":true}]}}